{"id":1280,"date":"2025-11-19T21:59:20","date_gmt":"2025-11-19T21:59:20","guid":{"rendered":"https:\/\/www.lmlo.lt\/kieno-pareiga\/?page_id=1280"},"modified":"2025-12-10T14:51:04","modified_gmt":"2025-12-10T14:51:04","slug":"tyrimas-moteru-ir-vyru-finansines-nepriklausomybes-skirtumai","status":"publish","type":"page","link":"https:\/\/www.lmlo.lt\/kieno-pareiga\/projekto-rezultatai\/tyrimas-moteru-ir-vyru-finansines-nepriklausomybes-skirtumai\/","title":{"rendered":"Tyrimas \u201eMoter\u0173 ir vyr\u0173 finansin\u0117s (ne)priklausomyb\u0117s skirtumai\u201c"},"content":{"rendered":"\t\t<div data-elementor-type=\"wp-page\" data-elementor-id=\"1280\" class=\"elementor elementor-1280\" data-elementor-post-type=\"page\">\n\t\t\t\t<div class=\"elementor-element elementor-element-cfd0508 e-con-full e-flex e-con e-parent\" data-id=\"cfd0508\" data-element_type=\"container\" data-e-type=\"container\" data-settings=\"{&quot;background_background&quot;:&quot;classic&quot;}\">\n\t\t<div class=\"elementor-element elementor-element-9689e1b e-flex e-con-boxed e-con e-child\" data-id=\"9689e1b\" data-element_type=\"container\" data-e-type=\"container\" data-settings=\"{&quot;background_background&quot;:&quot;classic&quot;}\">\n\t\t\t\t\t<div class=\"e-con-inner\">\n\t\t<div class=\"elementor-element elementor-element-82c171b e-flex e-con-boxed e-con e-child\" data-id=\"82c171b\" data-element_type=\"container\" data-e-type=\"container\" data-settings=\"{&quot;background_background&quot;:&quot;classic&quot;}\">\n\t\t\t\t\t<div class=\"e-con-inner\">\n\t\t<div class=\"elementor-element elementor-element-07e5e42 e-con-full e-flex e-con e-child\" data-id=\"07e5e42\" data-element_type=\"container\" data-e-type=\"container\">\n\t\t\t\t<div class=\"elementor-element elementor-element-294f395 elementor-widget__width-initial elementor-widget elementor-widget-heading\" data-id=\"294f395\" data-element_type=\"widget\" data-e-type=\"widget\" data-widget_type=\"heading.default\">\n\t\t\t\t\t<h1 class=\"elementor-heading-title elementor-size-default\">Tyrimas \u201eMoter\u0173 ir vyr\u0173 finansin\u0117s (ne)priklausomyb\u0117s skirtumai\u201c<\/h1>\t\t\t\t<\/div>\n\t\t\t\t<div class=\"elementor-element elementor-element-80d4355 elementor-widget elementor-widget-text-editor\" data-id=\"80d4355\" data-element_type=\"widget\" data-e-type=\"widget\" data-widget_type=\"text-editor.default\">\n\t\t\t\t\t\t\t\t\t<p>\u0160iame 2025 m. atliktame tyrime analizuojami moter\u0173 ir vyr\u0173 finansin\u0117s (ne)priklausomyb\u0117s skirtumai Lietuvoje, nagrin\u0117jant j\u0173 pajamas, finansin\u012f saugum\u0105, finansin\u012f ra\u0161tingum\u0105 ir sprendim\u0173 pri\u0117mim\u0105 \u0161eimoje. Reprezentatyvios apklausos duomenys atskleid\u017eia reik\u0161ming\u0105 finansin\u012f atotr\u016bk\u012f tarp ly\u010di\u0173 ir jo prie\u017eastis &#8211; nuo pajam\u0173 nelygyb\u0117s iki skirting\u0173 skol\u0173, santaup\u0173 bei investavimo \u012fpro\u010di\u0173. Tyrimo \u012f\u017evalgos padeda suprasti, koki\u0173 sistemini\u0173 poky\u010di\u0173 reikia siekiant didesn\u0117s finansin\u0117s lygyb\u0117s ir moter\u0173 savaranki\u0161kumo. Tyrimas atliktas 2025 m. \u012fgyvendinant projekt\u0105 &#8222;Nemokamas prie\u017ei\u016bros darbas: kieno pareiga?&#8221;.<\/p>\t\t\t\t\t\t\t\t<\/div>\n\t\t\t\t<\/div>\n\t\t<div class=\"elementor-element elementor-element-5bba6de e-con-full elementor-hidden-mobile e-flex e-con e-child\" data-id=\"5bba6de\" data-element_type=\"container\" data-e-type=\"container\">\n\t\t\t\t<\/div>\n\t\t\t\t\t<\/div>\n\t\t\t\t<\/div>\n\t\t\t\t\t<\/div>\n\t\t\t\t<\/div>\n\t\t\t\t<\/div>\n\t\t<div class=\"elementor-element elementor-element-6049e91 e-flex e-con-boxed e-con e-parent\" data-id=\"6049e91\" data-element_type=\"container\" data-e-type=\"container\" data-settings=\"{&quot;background_background&quot;:&quot;classic&quot;}\">\n\t\t\t\t\t<div class=\"e-con-inner\">\n\t\t<div class=\"elementor-element elementor-element-5864b8c e-flex e-con-boxed e-con e-child\" data-id=\"5864b8c\" data-element_type=\"container\" data-e-type=\"container\">\n\t\t\t\t\t<div class=\"e-con-inner\">\n\t\t<div class=\"elementor-element elementor-element-b47be51 e-con-full e-flex e-con e-child\" data-id=\"b47be51\" data-element_type=\"container\" data-e-type=\"container\">\n\t\t\t\t<div class=\"elementor-element elementor-element-f11e652 elementor-widget elementor-widget-image\" data-id=\"f11e652\" data-element_type=\"widget\" data-e-type=\"widget\" data-widget_type=\"image.default\">\n\t\t\t\t\t\t\t\t\t\t\t\t\t\t\t<img decoding=\"async\" width=\"614\" height=\"1536\" src=\"https:\/\/www.lmlo.lt\/kieno-pareiga\/wp-content\/uploads\/2025\/10\/Moteru-ir-vyru-finansines-nepriklausomybes-skirtumai-v.3-1-614x1536.jpg\" class=\"attachment-1536x1536 size-1536x1536 wp-image-1163\" alt=\"\" srcset=\"https:\/\/www.lmlo.lt\/kieno-pareiga\/wp-content\/uploads\/2025\/10\/Moteru-ir-vyru-finansines-nepriklausomybes-skirtumai-v.3-1-614x1536.jpg 614w, https:\/\/www.lmlo.lt\/kieno-pareiga\/wp-content\/uploads\/2025\/10\/Moteru-ir-vyru-finansines-nepriklausomybes-skirtumai-v.3-1-120x300.jpg 120w, https:\/\/www.lmlo.lt\/kieno-pareiga\/wp-content\/uploads\/2025\/10\/Moteru-ir-vyru-finansines-nepriklausomybes-skirtumai-v.3-1-768x1920.jpg 768w, https:\/\/www.lmlo.lt\/kieno-pareiga\/wp-content\/uploads\/2025\/10\/Moteru-ir-vyru-finansines-nepriklausomybes-skirtumai-v.3-1.jpg 800w\" sizes=\"(max-width: 614px) 100vw, 614px\" \/>\t\t\t\t\t\t\t\t\t\t\t\t\t\t\t<\/div>\n\t\t\t\t<div class=\"elementor-element elementor-element-ff05873 elementor-align-center elementor-widget elementor-widget-button\" data-id=\"ff05873\" data-element_type=\"widget\" data-e-type=\"widget\" data-widget_type=\"button.default\">\n\t\t\t\t\t\t\t\t\t\t<a class=\"elementor-button elementor-button-link elementor-size-sm\" href=\"https:\/\/www.lmlo.lt\/kieno-pareiga\/wp-content\/uploads\/2025\/10\/Moteru-ir-vyru-finansines-nepriklausomybes-skirtumai-v.3.pdf\" target=\"_blank\">\n\t\t\t\t\t\t<span class=\"elementor-button-content-wrapper\">\n\t\t\t\t\t\t\t\t\t<span class=\"elementor-button-text\">Atsisi\u0173sti<\/span>\n\t\t\t\t\t<\/span>\n\t\t\t\t\t<\/a>\n\t\t\t\t\t\t\t\t<\/div>\n\t\t\t\t<\/div>\n\t\t\t\t\t<\/div>\n\t\t\t\t<\/div>\n\t\t\t\t\t<\/div>\n\t\t\t\t<\/div>\n\t\t<div class=\"elementor-element elementor-element-0a470c1 e-flex e-con-boxed e-con e-parent\" data-id=\"0a470c1\" data-element_type=\"container\" data-e-type=\"container\" data-settings=\"{&quot;background_background&quot;:&quot;classic&quot;}\">\n\t\t\t\t\t<div class=\"e-con-inner\">\n\t\t<div class=\"elementor-element elementor-element-1b75ad4 e-flex e-con-boxed e-con e-child\" data-id=\"1b75ad4\" data-element_type=\"container\" data-e-type=\"container\">\n\t\t\t\t\t<div class=\"e-con-inner\">\n\t\t<div class=\"elementor-element elementor-element-c30be3a e-con-full e-flex e-con e-child\" data-id=\"c30be3a\" data-element_type=\"container\" data-e-type=\"container\">\n\t\t\t\t<div class=\"elementor-element elementor-element-99fe11b elementor-widget elementor-widget-text-editor\" data-id=\"99fe11b\" data-element_type=\"widget\" data-e-type=\"widget\" data-widget_type=\"text-editor.default\">\n\t\t\t\t\t\t\t\t\t<a href=\"https:\/\/www.lmlo.lt\/kieno-pareiga\/wp-content\/uploads\/2025\/11\/Tyrimo-\u201eMoteru-ir-vyru-finansines-nepriklausomybes-skirtumai-analizes-santrauka.pdf\" class=\"pdfemb-viewer\" style=\"\" data-width=\"max\" data-height=\"max\" data-toolbar=\"bottom\" data-toolbar-fixed=\"off\">Tyrimo-\u201eMoteru-ir-vyru-finansines-nepriklausomybes-skirtumai-analizes-santrauka<\/a>\t\t\t\t\t\t\t\t<\/div>\n\t\t\t\t<div class=\"elementor-element elementor-element-b9b22f3 elementor-align-center elementor-widget elementor-widget-button\" data-id=\"b9b22f3\" data-element_type=\"widget\" data-e-type=\"widget\" data-widget_type=\"button.default\">\n\t\t\t\t\t\t\t\t\t\t<a class=\"elementor-button elementor-button-link elementor-size-sm\" href=\"https:\/\/www.lmlo.lt\/kieno-pareiga\/wp-content\/uploads\/2025\/11\/Tyrimo-\u201eMoteru-ir-vyru-finansines-nepriklausomybes-skirtumai-analizes-santrauka.pdf\" target=\"_blank\">\n\t\t\t\t\t\t<span class=\"elementor-button-content-wrapper\">\n\t\t\t\t\t\t\t\t\t<span class=\"elementor-button-text\">Atsisi\u0173sti<\/span>\n\t\t\t\t\t<\/span>\n\t\t\t\t\t<\/a>\n\t\t\t\t\t\t\t\t<\/div>\n\t\t\t\t<\/div>\n\t\t\t\t\t<\/div>\n\t\t\t\t<\/div>\n\t\t\t\t\t<\/div>\n\t\t\t\t<\/div>\n\t\t<div class=\"elementor-element elementor-element-5f0e42a e-flex e-con-boxed e-con e-parent\" data-id=\"5f0e42a\" data-element_type=\"container\" data-e-type=\"container\" data-settings=\"{&quot;background_background&quot;:&quot;classic&quot;}\">\n\t\t\t\t\t<div class=\"e-con-inner\">\n\t\t<div class=\"elementor-element elementor-element-228fd0e e-flex e-con-boxed e-con e-child\" data-id=\"228fd0e\" data-element_type=\"container\" data-e-type=\"container\">\n\t\t\t\t\t<div class=\"e-con-inner\">\n\t\t<div class=\"elementor-element elementor-element-6e04ac2 e-con-full e-flex e-con e-child\" data-id=\"6e04ac2\" data-element_type=\"container\" data-e-type=\"container\">\n\t\t\t\t<div class=\"elementor-element elementor-element-47db2c1 elementor-widget elementor-widget-text-editor\" data-id=\"47db2c1\" data-element_type=\"widget\" data-e-type=\"widget\" data-widget_type=\"text-editor.default\">\n\t\t\t\t\t\t\t\t\t<a href=\"https:\/\/www.lmlo.lt\/kieno-pareiga\/wp-content\/uploads\/2025\/12\/Moteru-ir-vyru-finansines-ne-priklausomybes-skirtumai-v-2.pdf\" class=\"pdfemb-viewer\" style=\"\" data-width=\"max\" data-height=\"max\" data-toolbar=\"bottom\" data-toolbar-fixed=\"off\">Moteru-ir-vyru-finansines-ne-priklausomybes-skirtumai-v-2<\/a>\t\t\t\t\t\t\t\t<\/div>\n\t\t\t\t<div class=\"elementor-element elementor-element-6c3cb48 elementor-align-center elementor-widget elementor-widget-button\" data-id=\"6c3cb48\" data-element_type=\"widget\" data-e-type=\"widget\" data-widget_type=\"button.default\">\n\t\t\t\t\t\t\t\t\t\t<a class=\"elementor-button elementor-button-link elementor-size-sm\" href=\"https:\/\/www.lmlo.lt\/kieno-pareiga\/wp-content\/uploads\/2025\/12\/Moteru-ir-vyru-finansines-ne-priklausomybes-skirtumai-v-2.pdf\" target=\"_blank\">\n\t\t\t\t\t\t<span class=\"elementor-button-content-wrapper\">\n\t\t\t\t\t\t\t\t\t<span class=\"elementor-button-text\">Atsisi\u0173sti<\/span>\n\t\t\t\t\t<\/span>\n\t\t\t\t\t<\/a>\n\t\t\t\t\t\t\t\t<\/div>\n\t\t\t\t<\/div>\n\t\t\t\t\t<\/div>\n\t\t\t\t<\/div>\n\t\t\t\t\t<\/div>\n\t\t\t\t<\/div>\n\t\t\t\t<\/div>\n\t\t","protected":false},"excerpt":{"rendered":"<p>\u0160iame 2025 m. atliktame tyrime analizuojami moter\u0173 ir vyr\u0173 finansin\u0117s (ne)priklausomyb\u0117s skirtumai Lietuvoje, nagrin\u0117jant j\u0173 pajamas, finansin\u012f saugum\u0105, finansin\u012f ra\u0161tingum\u0105 ir sprendim\u0173 pri\u0117mim\u0105 \u0161eimoje. Reprezentatyvios apklausos duomenys atskleid\u017eia reik\u0161ming\u0105 finansin\u012f atotr\u016bk\u012f tarp ly\u010di\u0173 ir jo prie\u017eastis &#8211; nuo pajam\u0173 nelygyb\u0117s iki skirting\u0173 skol\u0173, santaup\u0173 bei investavimo \u012fpro\u010di\u0173. Tyrimo \u012f\u017evalgos padeda suprasti, koki\u0173 sistemini\u0173 poky\u010di\u0173 reikia [&hellip;]<\/p>\n","protected":false},"author":2,"featured_media":0,"parent":1176,"menu_order":0,"comment_status":"closed","ping_status":"closed","template":"elementor_header_footer","meta":{"_acf_changed":false,"footnotes":""},"class_list":["post-1280","page","type-page","status-publish","hentry"],"acf":[],"_links":{"self":[{"href":"https:\/\/www.lmlo.lt\/kieno-pareiga\/wp-json\/wp\/v2\/pages\/1280","targetHints":{"allow":["GET"]}}],"collection":[{"href":"https:\/\/www.lmlo.lt\/kieno-pareiga\/wp-json\/wp\/v2\/pages"}],"about":[{"href":"https:\/\/www.lmlo.lt\/kieno-pareiga\/wp-json\/wp\/v2\/types\/page"}],"author":[{"embeddable":true,"href":"https:\/\/www.lmlo.lt\/kieno-pareiga\/wp-json\/wp\/v2\/users\/2"}],"replies":[{"embeddable":true,"href":"https:\/\/www.lmlo.lt\/kieno-pareiga\/wp-json\/wp\/v2\/comments?post=1280"}],"version-history":[{"count":7,"href":"https:\/\/www.lmlo.lt\/kieno-pareiga\/wp-json\/wp\/v2\/pages\/1280\/revisions"}],"predecessor-version":[{"id":1371,"href":"https:\/\/www.lmlo.lt\/kieno-pareiga\/wp-json\/wp\/v2\/pages\/1280\/revisions\/1371"}],"up":[{"embeddable":true,"href":"https:\/\/www.lmlo.lt\/kieno-pareiga\/wp-json\/wp\/v2\/pages\/1176"}],"wp:attachment":[{"href":"https:\/\/www.lmlo.lt\/kieno-pareiga\/wp-json\/wp\/v2\/media?parent=1280"}],"curies":[{"name":"wp","href":"https:\/\/api.w.org\/{rel}","templated":true}]}}