{"id":1296,"date":"2025-11-19T22:07:05","date_gmt":"2025-11-19T22:07:05","guid":{"rendered":"https:\/\/www.lmlo.lt\/kieno-pareiga\/?page_id=1296"},"modified":"2025-12-29T11:17:10","modified_gmt":"2025-12-29T11:17:10","slug":"rekomendacijos-del-moteru-reintegracijos-i-darbo-rinka","status":"publish","type":"page","link":"https:\/\/www.lmlo.lt\/kieno-pareiga\/projekto-rezultatai\/rekomendacijos-del-moteru-reintegracijos-i-darbo-rinka\/","title":{"rendered":"Rekomendacijos d\u0117l moter\u0173 reintegracijos \u012f darbo rink\u0105"},"content":{"rendered":"\t\t<div data-elementor-type=\"wp-page\" data-elementor-id=\"1296\" class=\"elementor elementor-1296\" data-elementor-post-type=\"page\">\n\t\t\t\t<div class=\"elementor-element elementor-element-cfd0508 e-con-full e-flex e-con e-parent\" data-id=\"cfd0508\" data-element_type=\"container\" data-e-type=\"container\" data-settings=\"{&quot;background_background&quot;:&quot;classic&quot;}\">\n\t\t<div class=\"elementor-element elementor-element-9689e1b e-flex e-con-boxed e-con e-child\" data-id=\"9689e1b\" data-element_type=\"container\" data-e-type=\"container\" data-settings=\"{&quot;background_background&quot;:&quot;classic&quot;}\">\n\t\t\t\t\t<div class=\"e-con-inner\">\n\t\t<div class=\"elementor-element elementor-element-82c171b e-flex e-con-boxed e-con e-child\" data-id=\"82c171b\" data-element_type=\"container\" data-e-type=\"container\" data-settings=\"{&quot;background_background&quot;:&quot;classic&quot;}\">\n\t\t\t\t\t<div class=\"e-con-inner\">\n\t\t<div class=\"elementor-element elementor-element-07e5e42 e-con-full e-flex e-con e-child\" data-id=\"07e5e42\" data-element_type=\"container\" data-e-type=\"container\">\n\t\t\t\t<div class=\"elementor-element elementor-element-294f395 elementor-widget__width-initial elementor-widget elementor-widget-heading\" data-id=\"294f395\" data-element_type=\"widget\" data-e-type=\"widget\" data-widget_type=\"heading.default\">\n\t\t\t\t\t<h1 class=\"elementor-heading-title elementor-size-default\">Rekomendacijos d\u0117l moter\u0173 reintegracijos \u012f darbo rink\u0105<\/h1>\t\t\t\t<\/div>\n\t\t\t\t<div class=\"elementor-element elementor-element-80d4355 elementor-widget elementor-widget-text-editor\" data-id=\"80d4355\" data-element_type=\"widget\" data-e-type=\"widget\" data-widget_type=\"text-editor.default\">\n\t\t\t\t\t\t\t\t\t<p>\u0160iose rekomendacijose pateikiamas kompleksinis priemoni\u0173 rinkinys, skirtas palengvinti moter\u0173 gr\u012f\u017eim\u0105 \u012f darbo rink\u0105 po vaiko prie\u017ei\u016bros ar artim\u0173j\u0173 slaugos laikotarpi\u0173. Dokumente si\u016blomi sprendimai apima darbdavi\u0173 politikos tobulinim\u0105, U\u017eimtumo tarnyb\u0173 paslaug\u0173 stiprinim\u0105, socialini\u0173 ir prie\u017ei\u016bros paslaug\u0173 prieinamumo didinim\u0105 bei visuomen\u0117s po\u017ei\u016brio kait\u0105. Rekomendacijos skatina kurti palankesn\u0119 aplink\u0105 moter\u0173 ekonominiam savaranki\u0161kumui ir tvaresniam \u0161eimos bei darbo \u012fsipareigojim\u0173 derinimui. Rekomemdacijos parengtos 2025 m. \u012fgyvendinant projekt\u0105 \u201eNemokamas prie\u017ei\u016bros darbas: kieno pareiga?\u201c.\u00a0\u00a0<\/p>\t\t\t\t\t\t\t\t<\/div>\n\t\t\t\t<\/div>\n\t\t<div class=\"elementor-element elementor-element-5bba6de e-con-full elementor-hidden-mobile e-flex e-con e-child\" data-id=\"5bba6de\" data-element_type=\"container\" data-e-type=\"container\">\n\t\t\t\t<\/div>\n\t\t\t\t\t<\/div>\n\t\t\t\t<\/div>\n\t\t\t\t\t<\/div>\n\t\t\t\t<\/div>\n\t\t\t\t<\/div>\n\t\t<div class=\"elementor-element elementor-element-0a470c1 e-flex e-con-boxed e-con e-parent\" data-id=\"0a470c1\" data-element_type=\"container\" data-e-type=\"container\" data-settings=\"{&quot;background_background&quot;:&quot;classic&quot;}\">\n\t\t\t\t\t<div class=\"e-con-inner\">\n\t\t<div class=\"elementor-element elementor-element-1b75ad4 e-flex e-con-boxed e-con e-child\" data-id=\"1b75ad4\" data-element_type=\"container\" data-e-type=\"container\">\n\t\t\t\t\t<div class=\"e-con-inner\">\n\t\t<div class=\"elementor-element elementor-element-c30be3a e-con-full e-flex e-con e-child\" data-id=\"c30be3a\" data-element_type=\"container\" data-e-type=\"container\">\n\t\t\t\t<div class=\"elementor-element elementor-element-99fe11b elementor-widget elementor-widget-text-editor\" data-id=\"99fe11b\" data-element_type=\"widget\" data-e-type=\"widget\" data-widget_type=\"text-editor.default\">\n\t\t\t\t\t\t\t\t\t<a href=\"https:\/\/www.lmlo.lt\/kieno-pareiga\/wp-content\/uploads\/2025\/12\/LMLO-Rekomendacijos-del-moteru-itraukimo-i-darbo-rinka.pdf\" class=\"pdfemb-viewer\" style=\"\" data-width=\"max\" data-height=\"max\" data-toolbar=\"bottom\" data-toolbar-fixed=\"off\">LMLO-Rekomendacijos-del-moteru-itraukimo-i-darbo-rinka<\/a>\t\t\t\t\t\t\t\t<\/div>\n\t\t\t\t<div class=\"elementor-element elementor-element-b9b22f3 elementor-align-center elementor-widget elementor-widget-button\" data-id=\"b9b22f3\" data-element_type=\"widget\" data-e-type=\"widget\" data-widget_type=\"button.default\">\n\t\t\t\t\t\t\t\t\t\t<a class=\"elementor-button elementor-button-link elementor-size-sm\" href=\"https:\/\/www.lmlo.lt\/kieno-pareiga\/wp-content\/uploads\/2025\/12\/LMLO-Rekomendacijos-del-moteru-itraukimo-i-darbo-rinka.pdf\" target=\"_blank\">\n\t\t\t\t\t\t<span class=\"elementor-button-content-wrapper\">\n\t\t\t\t\t\t\t\t\t<span class=\"elementor-button-text\">Atsisi\u0173sti<\/span>\n\t\t\t\t\t<\/span>\n\t\t\t\t\t<\/a>\n\t\t\t\t\t\t\t\t<\/div>\n\t\t\t\t<\/div>\n\t\t\t\t\t<\/div>\n\t\t\t\t<\/div>\n\t\t\t\t\t<\/div>\n\t\t\t\t<\/div>\n\t\t\t\t<\/div>\n\t\t","protected":false},"excerpt":{"rendered":"<p>\u0160iose rekomendacijose pateikiamas kompleksinis priemoni\u0173 rinkinys, skirtas palengvinti moter\u0173 gr\u012f\u017eim\u0105 \u012f darbo rink\u0105 po vaiko prie\u017ei\u016bros ar artim\u0173j\u0173 slaugos laikotarpi\u0173. Dokumente si\u016blomi sprendimai apima darbdavi\u0173 politikos tobulinim\u0105, U\u017eimtumo tarnyb\u0173 paslaug\u0173 stiprinim\u0105, socialini\u0173 ir prie\u017ei\u016bros paslaug\u0173 prieinamumo didinim\u0105 bei visuomen\u0117s po\u017ei\u016brio kait\u0105. Rekomendacijos skatina kurti palankesn\u0119 aplink\u0105 moter\u0173 ekonominiam savaranki\u0161kumui ir tvaresniam \u0161eimos bei darbo \u012fsipareigojim\u0173 [&hellip;]<\/p>\n","protected":false},"author":2,"featured_media":0,"parent":1176,"menu_order":0,"comment_status":"closed","ping_status":"closed","template":"elementor_header_footer","meta":{"_acf_changed":false,"footnotes":""},"class_list":["post-1296","page","type-page","status-publish","hentry"],"acf":[],"_links":{"self":[{"href":"https:\/\/www.lmlo.lt\/kieno-pareiga\/wp-json\/wp\/v2\/pages\/1296","targetHints":{"allow":["GET"]}}],"collection":[{"href":"https:\/\/www.lmlo.lt\/kieno-pareiga\/wp-json\/wp\/v2\/pages"}],"about":[{"href":"https:\/\/www.lmlo.lt\/kieno-pareiga\/wp-json\/wp\/v2\/types\/page"}],"author":[{"embeddable":true,"href":"https:\/\/www.lmlo.lt\/kieno-pareiga\/wp-json\/wp\/v2\/users\/2"}],"replies":[{"embeddable":true,"href":"https:\/\/www.lmlo.lt\/kieno-pareiga\/wp-json\/wp\/v2\/comments?post=1296"}],"version-history":[{"count":7,"href":"https:\/\/www.lmlo.lt\/kieno-pareiga\/wp-json\/wp\/v2\/pages\/1296\/revisions"}],"predecessor-version":[{"id":1384,"href":"https:\/\/www.lmlo.lt\/kieno-pareiga\/wp-json\/wp\/v2\/pages\/1296\/revisions\/1384"}],"up":[{"embeddable":true,"href":"https:\/\/www.lmlo.lt\/kieno-pareiga\/wp-json\/wp\/v2\/pages\/1176"}],"wp:attachment":[{"href":"https:\/\/www.lmlo.lt\/kieno-pareiga\/wp-json\/wp\/v2\/media?parent=1296"}],"curies":[{"name":"wp","href":"https:\/\/api.w.org\/{rel}","templated":true}]}}